p) = 1882*p**2 + 12*p + 45. Is b(-4) prime?
True
Let r be ((-66)/9)/((-8)/(-12)). Let i = r + 13. Suppose 3*b + 192 = 3*o, 0 = 5*o - i*o - b - 194. Is o prime?
False
Let h be (64 + -2 + 3)/(-1). Let d = h - -372. Is d composite?
False
Suppose 14*u - 54383 = 7*u. Is u a prime number?
False
Let l(h) = 11*h**2 + 2*h - 160. Is l(-63) a composite number?
True
Let l be 108/26 - (-4)/(-26). Suppose -l*g + 865 = -3*g. Is g a prime number?
False
Suppose -4*p = -5 - 7. Let r = p + 0. Suppose 4*j - 202 = -r*u, 4*j + j + u = 247. Is j composite?
True
Suppose 0 = 12*z - 8*z. Let f be ((-3)/6 - 0)*z. Suppose f*t - t = 4*l - 295, -2*t = -3*l + 224. Is l composite?
True
Let h(f) = -10*f + 13. Let j(r) = r**2 - 2*r - 4. Let k be j(5). Let c = k + -20. Is h(c) prime?
True
Suppose 0 = 5*j - 3*q - 100, 4*q - 60 = -7*j + 4*j. Is (-2)/(-10) + 5 + 51476/j a composite number?
False
Let c = 87 - 2. Let p = c + -16. Suppose 71 = q + 3*v, -q - 4*v + p = v. Is q a composite number?
True
Let u be -3 - -7 - (2 - 5). Suppose -3*m = -4*d - 17, 0 = -u*m + 2*m - 3*d + 9. Suppose -h + 349 = -4*n, -m*h + 8*h - 1766 = -n. Is h a composite number?
False
Let f be (-10308)/(-7) - 18/(-42). Suppose f - 4613 = -4*z. Is z a prime number?
False
Let o be (-1*2 - 13/13) + 312. Let q = 616 - o. Is q composite?
False
Suppose -6*s + 12 = -0*s. Suppose 3*n - 2*m - 633 = m, s*m = n - 211. Is n a composite number?
False
Suppose 16*f + 462035 = 51*f. Is f prime?
False
Let a(t) = 765*t**2 + 7*t + 27. Is a(-4) prime?
True
Let q be 26/6 - 9/27. Suppose q*w - 33 = 51. Is w prime?
False
Is (-132)/(-18)*228/8 a prime number?
False
Is (-28660)/(-52) - -6 - 4/26 prime?
True
Let g be (-2 - -3) + 122/1. Suppose -2*x + 449 = g. Is x composite?
False
Let k(r) = r**3 + 4*r**2 + r + 2. Let f be k(-3). Let x(m) = -m**2 - 25*m - 27. Let b be x(-24). Is 2458/f + b/12 a composite number?
False
Let s be 3/2*(-28)/(-21). Suppose 5*p - 3*h - 40 = 2*h, s*p + h - 1 = 0. Suppose -p*c + 37 = -101. Is c a prime number?
False
Let w = -4947 + 19154. Is w a prime number?
True
Let o(j) = 14*j**2 + 10*j - 4. Let s be o(11). Suppose n + 3*n = s. Suppose -3*u = -n + 69. Is u a composite number?
False
Let j = -12282 - -241367. Is j composite?
True
Suppose -2960 = 5*z - c, -723 = z - 4*c - 131. Let q = -359 - z. Is q prime?
True
Let k = -248 + 143. Let c be -5*(-7)/(k/(-9)). Suppose -c*a + 2670 = 3*a. Is a composite?
True
Suppose -5*j - 6*j = -55. Suppose -j*z + 4468 = 633. Is z prime?
False
Let r(b) = -509*b**3 + 2*b**2 - 2. Let q be r(1). Let v = q - -1372. Is v composite?
False
Let v(f) = -2*f + 3*f - 44 + 5*f**2 + 45. Let u be v(-1). Suppose -u*a = -a - 708. Is a prime?
False
Let s = -12 - -8. Let y(j) = -4*j**2 - 4*j. Let x be y(s). Let d = -15 - x. Is d prime?
False
Suppose 42*m - 39*m - 21 = 0. Suppose -m*l + 591 = -704. Is l a prime number?
False
Suppose 5*y - 6 = 3*y. Let g be ((-4)/(-6) + 1)/((-3)/(-9)). Let r = g - y. Is r prime?
True
Suppose 2*v + 2*v + 16 = 0. Is v/6*(-6897)/38 composite?
True
Suppose 0 = u + u - 8. Let v(i) = 13*i + 3. Let x be v(u). Let o = 114 - x. Is o composite?
False
Let x = 7554 + -1763. Is x a prime number?
True
Is (-2*1110/(-80))/(3/4) a composite number?
False
Let r(w) = w**2 + 4. Let y be r(0). Suppose -z = -2*b + 9, -y*b - z = 2*z + 7. Suppose g + 486 = -a + 6*a, -b*g = 4*a - 386. Is a a prime number?
True
Suppose 15*q + 81978 = -30282. Is 4/6*(-90)/20 - q prime?
True
Let s = -2288 + 1043. Let a = -734 - s. Is a a composite number?
True
Let j = -24 + 27. Is -1 + 1 + j - -698 a composite number?
False
Suppose -18*m = -30*m + 266052. Is m composite?
False
Let y(u) = -28*u + 13*u - 7*u - 8 - 42*u. Let s be y(-7). Suppose -2*g - 3*v = -s, -6*v = -v + 10. Is g prime?
True
Let p(y) = 2*y**3 - 22*y**2 - 2*y - 29. Is p(15) a prime number?
True
Let z(j) be the third derivative of 129*j**4/8 + 7*j**3/3 + j**2 + 3. Is z(11) a prime number?
True
Let s(n) = -93*n - 46. Let y be s(-5). Let t = y - 258. Is t a composite number?
True
Let o(d) = d**3 + 10*d**2 + 11*d + 5. Suppose 2*k + 55 = -5*x - 0*x, x + 5*k = -34. Let p be o(x). Let n(m) = m**3 + 14*m**2 + 9*m - 14. Is n(p) a prime number?
False
Suppose 0 = 79*k - 74*k - 30695. Is k composite?
True
Let c be (2 - -1) + -5 + -351. Let b = 788 + c. Suppose 0 = 2*y + y - b. Is y composite?
True
Suppose -6*i = -116218 - 49448. Is i a composite number?
False
Suppose -15*d + 4*f + 9188 = -11*d, -d + 2313 = -5*f. Is d a composite number?
False
Let q be (-1)/(-2) - 57/6. Let o = q - 1. Is 2/o - (-3072)/10 a prime number?
True
Let h be (-618)/(-126) + (-4)/(-42). Suppose h*w = 47 + 323. Is w prime?
False
Let m be -3*(2 + 134/6). Let l(d) = d**3 + 13*d**2 + 19*d + 17. Let a be l(-9). Let p = a + m. Is p a composite number?
False
Let d(g) = g - 4. Let q be d(14). Let o(p) = 39*p - 9. Is o(q) a prime number?
False
Let t = 3330 + 1721. Is t a prime number?
True
Let o(u) = u**3 + 12*u**2 + 7*u + 11. Suppose 4*p - 57 - 15 = 0. Suppose 0 = 5*h - 3*h + p. Is o(h) prime?
True
Let c = -1542 + 2753. Is c composite?
True
Is 159/1*((-208)/(-24) + -3) a composite number?
True
Let z be (-12)/(((-11)/(-2) - 4)/1). Is (-16)/(z + 4) + 114 prime?
False
Suppose 2644 = 3*m - 5*z, 4*m - 3*z + 0*z = 3507. Suppose -m = 4*w - 7*w. Is w a prime number?
False
Suppose 0 = -5*b, 3*p + 4*b = -b + 38667. Is p prime?
True
Suppose 21*h - 14*h = 45073. Is h prime?
False
Let x be (-102 - 1) + -2 + 1. Let n = 70 + x. Let c = 81 + n. Is c a prime number?
True
Let s(w) = 14*w**2 + 14*w - 21. Is s(22) a composite number?
True
Suppose -1090 = 5*k + o, 0*k + k = 3*o - 234. Suppose 5*w = v - 378, 4*w = 4*v - 139 - 157. Let p = w - k. Is p composite?
True
Let z(c) = -10 - 2 + 408*c + 8 + 9. Is z(3) composite?
False
Let x(l) = 7123*l**2 - 5*l + 5. Is x(1) a composite number?
True
Suppose 4 = 10*m - 8*m. Suppose -m*v = -3*p + 9013 - 2864, 5*p + 2*v - 10275 = 0. Is p composite?
False
Suppose 0 = -5*g + 50 + 15. Is (182 + -4)/(2/g) prime?
False
Let t(r) = r**2 - 6*r - 6. Let j be t(7). Let p(h) = 106*h**3 + h**2 - h. Is p(j) a prime number?
False
Let m(k) = -446*k - 1. Let t be m(-1). Let u = -146 + t. Let b = 440 - u. Is b a prime number?
False
Let x(m) = -m**3 + 72*m**2 + 168*m + 76. Is x(53) a prime number?
True
Let o be ((-11)/6 - -2)*-2*-237. Let a = o - -630. Is a a composite number?
False
Suppose -2*g + 4*b = -1458, 3*g + 5*b - 3675 = -2*g. Is g prime?
True
Let f(m) = m**2 - 9*m + 12. Let p be f(6). Let i = 8 + p. Suppose 0 = 3*g - c - 470, -i*g - c + 216 = -89. Is g prime?
False
Suppose 0 = -12*c + 5*c + 21. Suppose -c*n + 694 = -3*j + 2230, n = 3*j - 1542. Is j a composite number?
True
Suppose 18092 + 5979 = c. Is c composite?
False
Suppose -4 = 5*b + 26. Let y be 4/b - (-32)/12. Suppose -y*i = -7*i + 1255. Is i a composite number?
False
Suppose 31 = 3*z + q + 4*q, -22 = -4*z + 3*q. Suppose 0 = -z*w + 2324 + 1029. Is w a prime number?
True
Let f = -17753 + 44914. Is f a composite number?
True
Let l be 18/(-24) - (-23)/4. Suppose l*p + 56 = -f + 226, -190 = -5*p + 3*f. Is p a composite number?
True
Suppose 3*x + 20822 = 4*q - 233486, 0 = 5*q - x - 317885. Is q composite?
False
Is ((-5)/(90/(-301116)))/(12/18) composite?
True
Suppose 110897 + 47125 = 6*y. Is y a composite number?
True
Suppose -21 = -3*l + 3. Let b = 303 - l. Is b prime?
False
Let o(x) = -2*x + 346. Let t be o(0). Suppose -5*v + 515 = f, 3*f - t - 1163 = 3*v. Is f prime?
False
Let d(b) = -3*b**3 + 11*b - 5. Let l(o) = -8*o**3 - o**2 + 32*o - 15. Let q(x) = -11*d(x) + 4*l(x). Suppose 6*m - 3 - 39 = 0. Is q(m) a prime number?
True
Let g = 48 + -28. Let m be (-8)/g - 7/(-5). Is 412 + m + 0 + -2 composite?
True
Let q(r) = -136*r + 627. Let b be q(-16). Let f(p) = 7*p**2 - 6*p + 2. Let g be f(-5). Suppose 4*t + g = b. Is t composite?
True
Suppose -k + 35945 = 34*k. Is k composite?
True
Is (-4889390)/275*(-5)/2 a prime number?
True
Let a = 543 - 305. Let x be (3069/(-465))/(2/(-130)). Let n = x - a. Is n composite?
False
Suppose -2*k - 4*o + 8950 = 0, 12*o + 9 = 9*o. Is k composite?
False
Let y(f) = 408*f**2 - 2*f - 1. Let u(k) be the first derivative of k**4/4 + 2*k**3 + 3*k**2 + 4*k - 1. Let v be u(-5). Is y(v) composite?
False
Let i(l) = -11184*l**3 - 12*l - 11. Is i(-1) a prime number?
False
Let n(h) = 97*h - 16. Let o be n(21). Sup